{"id":938,"date":"2021-07-12T21:17:46","date_gmt":"2021-07-12T21:17:46","guid":{"rendered":"http:\/\/trzezwewesele.pl\/?page_id=938"},"modified":"2021-08-15T18:51:02","modified_gmt":"2021-08-15T18:51:02","slug":"v-btw-program","status":"publish","type":"page","link":"https:\/\/trzezwewesele.pl\/index.php\/v-btw\/v-btw-program\/","title":{"rendered":"Program V BTW"},"content":{"rendered":"<p style=\"text-align: center;\"><span style=\"font-size: 24px; color: #0000ff;\"><em><strong>Proponowany program V Bieszczadzkiego Trze\u017awego Wesela \u2013 Myczkowce 2021<\/strong><\/em><\/span><\/p>\n<p><span style=\"font-size: 20px;\"><strong><span style=\"color: #993366;\">Sobota 21.08.2021<\/span><\/strong><\/span><\/p>\n<p><span style=\"font-size: 20px;\">9.00 \u2013 Recepcja<\/span><\/p>\n<p><span style=\"font-size: 20px;\">10.00 \u2013 Powitanie, zawi\u0105zanie wsp\u00f3lnoty<\/span><\/p>\n<p><span style=\"font-size: 20px;\">11.00 \u2013 Konferencja \u2013 \u201eJak zerwa\u0107 z uzale\u017cnieniami (alkoholizm, narkotyki, pornografia \u2026)\u201d &#8211; ks. Pawe\u0142 Ostafi\u0144ski<br \/>\n<\/span><\/p>\n<p><span style=\"font-size: 20px;\">12.00 \u2013 Przerwa \u2013 kawa, herbata, ciasteczko<\/span><\/p>\n<p><span style=\"font-size: 20px;\">12.30 \u2013 Konferencja \u2013 \u201eM\u0105dre wychowanie dzieci najlepsz\u0105 ochron\u0105 przed uzale\u017cnieniami\u201d \u2013 mgr Aneta Mr\u00f3z-Ku\u017aniak<\/span><\/p>\n<p><span style=\"font-size: 20px;\">14.00 \u2013 obiad \u2013 odpoczynek \u2013 czas dla ma\u0142\u017conk\u00f3w<\/span><\/p>\n<p><span style=\"font-size: 20px;\">15.15 \u2013 Koncert profilaktyczny zespo\u0142u \u015awiat\u0142o Uwielbienia po\u0142\u0105czony ze \u015bwiadectwami doros\u0142ych i ma\u0142\u017ce\u0144stw z KWC, a tak\u017ce \u015bwiadectwa ma\u0142\u017ce\u0144stw kt\u00f3re mia\u0142y wesele bezalkoholowe.<\/span><\/p>\n<p><span style=\"font-size: 20px;\">&#8211; Grupa teatralna &#8220;Pod skrzyd\u0142ami anio\u0142a&#8221;- tancerze legniccy z Jas\u0142a pod kierunkiem siostry Kariny Paw\u0142owskiej.<br \/>\n<\/span><\/p>\n<p><span style=\"font-size: 20px;\">17.30 &#8211; Mo\u017cliwo\u015b\u0107 spowiedzi, przygotowanie do Eucharystii<\/span><\/p>\n<p><span style=\"font-size: 20px;\">18.00 \u2013 Uroczysta Eucharystia z odnowieniem przyrzecze\u0144 ma\u0142\u017ce\u0144skich.<\/span><\/p>\n<p><span style=\"font-size: 20px;\">Uroczysty przemarsz do sali balowej<\/span><\/p>\n<p><span style=\"font-size: 20px;\">19.30 \u2013 Bezalkoholowy bal weselny prowadzony przez zawodowych wodzirej\u00f3w.<\/span><\/p>\n<p><span style=\"font-size: 20px;\">Rozstrzygni\u0119cie konkursu plastycznego i rozdanie nagr\u00f3d wszystkim dzieciom kt\u00f3re b\u0119d\u0105 bra\u0142y udzia\u0142 w konkursie.<\/span><\/p>\n<p>&nbsp;<\/p>\n<p><span style=\"color: #993366; font-size: 20px;\"><strong>Program dla dzieci i m\u0142odzie\u017cy<\/strong><\/span><\/p>\n<p><span style=\"font-size: 20px;\">11.00 \u2013 14.00 Cz\u0119\u015b\u0107 I<\/span><\/p>\n<p><span style=\"font-size: 20px;\">Wykonanie prac przez dzieci na konkurs plastyczny \u201eTrze\u017awa rodzina to fajna dru\u017cyna\u201d<\/span><\/p>\n<p><span style=\"font-size: 20px;\">Warsztaty muzyczno \u2013 wokalne prowadzone przez zesp\u00f3\u0142 \u201e\u015awiat\u0142o Uwielbienia\u201d.<\/span><\/p>\n<p><span style=\"font-size: 20px;\">Warsztaty taneczne prowadzone przez wodzirej\u00f3w.<\/span><\/p>\n<p>&nbsp;<\/p>\n<p><span style=\"color: #993366; font-size: 20px;\"><em><strong>Dla ch\u0119tnych:<\/strong><\/em><\/span><\/p>\n<p><span style=\"color: #993366; font-size: 20px;\">Pi\u0105tek 20.08.2021<\/span><\/p>\n<p><span style=\"font-size: 20px;\">16.00 \u2013 Recepcja<\/span><\/p>\n<p><span style=\"font-size: 20px;\">18.00 \u2013 Kolacja<\/span><\/p>\n<p><span style=\"font-size: 20px;\">19.00 \u2013 Msza \u015bw. z pro\u015bb\u0105 o Bo\u017ce b\u0142ogos\u0142awie\u0144stwo dla rodzin i ma\u0142\u017ce\u0144stw prze\u017cywaj\u0105cych r\u00f3\u017cne trudno\u015bci i problemy.<\/span><\/p>\n<p><span style=\"font-size: 20px;\">20.00 \u2013 Rodzinny wiecz\u00f3r uwielbienia animowany przez zesp\u00f3\u0142 \u015awiat\u0142o Uwielbienia<\/span><\/p>\n<p><span style=\"color: #993366; font-size: 20px;\">Niedziela 22.08.2021<\/span><\/p>\n<p><span style=\"font-size: 20px;\">9.00 \u2013 Msza \u015bw.<\/span><\/p>\n<p><span style=\"font-size: 20px;\">10.00 \u2013 \u015aniadanie<\/span><\/p>\n<p><span style=\"font-size: 20px;\">Mo\u017cliwo\u015b\u0107 indywidualnego korzystania z atrakcji O\u015brodka.<\/span><\/p>\n<p><span style=\"font-size: 20px;\">Rodzinne \u015bwi\u0119towanie niedzieli.<\/span><\/p>\n","protected":false},"excerpt":{"rendered":"<p>Proponowany program V Bieszczadzkiego Trze\u017awego Wesela \u2013 Myczkowce 2021 Sobota 21.08.2021 9.00 \u2013 Recepcja 10.00 \u2013 Powitanie, zawi\u0105zanie wsp\u00f3lnoty 11.00 \u2013 Konferencja \u2013 \u201eJak zerwa\u0107 z uzale\u017cnieniami (alkoholizm, narkotyki, pornografia \u2026)\u201d &#8211; ks. Pawe\u0142 Ostafi\u0144ski 12.00 \u2013 Przerwa \u2013 kawa, herbata, ciasteczko 12.30 \u2013 Konferencja \u2013 \u201eM\u0105dre wychowanie dzieci najlepsz\u0105 ochron\u0105 przed uzale\u017cnieniami\u201d \u2013 mgr [&hellip;]<\/p>\n","protected":false},"author":1,"featured_media":0,"parent":941,"menu_order":0,"comment_status":"closed","ping_status":"closed","template":"","meta":{"ngg_post_thumbnail":0,"footnotes":""},"class_list":["post-938","page","type-page","status-publish","hentry"],"_links":{"self":[{"href":"https:\/\/trzezwewesele.pl\/index.php\/wp-json\/wp\/v2\/pages\/938","targetHints":{"allow":["GET"]}}],"collection":[{"href":"https:\/\/trzezwewesele.pl\/index.php\/wp-json\/wp\/v2\/pages"}],"about":[{"href":"https:\/\/trzezwewesele.pl\/index.php\/wp-json\/wp\/v2\/types\/page"}],"author":[{"embeddable":true,"href":"https:\/\/trzezwewesele.pl\/index.php\/wp-json\/wp\/v2\/users\/1"}],"replies":[{"embeddable":true,"href":"https:\/\/trzezwewesele.pl\/index.php\/wp-json\/wp\/v2\/comments?post=938"}],"version-history":[{"count":8,"href":"https:\/\/trzezwewesele.pl\/index.php\/wp-json\/wp\/v2\/pages\/938\/revisions"}],"predecessor-version":[{"id":979,"href":"https:\/\/trzezwewesele.pl\/index.php\/wp-json\/wp\/v2\/pages\/938\/revisions\/979"}],"up":[{"embeddable":true,"href":"https:\/\/trzezwewesele.pl\/index.php\/wp-json\/wp\/v2\/pages\/941"}],"wp:attachment":[{"href":"https:\/\/trzezwewesele.pl\/index.php\/wp-json\/wp\/v2\/media?parent=938"}],"curies":[{"name":"wp","href":"https:\/\/api.w.org\/{rel}","templated":true}]}}