{"id":254,"date":"2020-07-29T20:52:29","date_gmt":"2020-07-29T20:52:29","guid":{"rendered":"http:\/\/trzezwewesele.pl\/?page_id=254"},"modified":"2020-12-26T10:38:07","modified_gmt":"2020-12-26T10:38:07","slug":"patronaty","status":"publish","type":"page","link":"https:\/\/trzezwewesele.pl\/index.php\/patronaty\/","title":{"rendered":"Patronaty"},"content":{"rendered":"<p><span style=\"font-size: 24px; color: #ff0000;\">Patronat Honorowy:<\/span><\/p>\n<p style=\"text-align: center;\"><span style=\"font-size: 24px; color: #0000ff;\">JE Abp Adam Szal &#8211; Metropolita Przemyski<\/span><\/p>\n<p style=\"text-align: center;\"><span style=\"font-size: 24px; color: #0000ff;\"><a href=\"https:\/\/trzezwewesele.pl\/index.php\/patronaty\/pismo-bp-adam-szal\/\" target=\"_blank\" rel=\"noopener noreferrer\"><img loading=\"lazy\" decoding=\"async\" class=\"wp-image-289 size-thumbnail alignnone\" src=\"https:\/\/trzezwewesele.pl\/wp-content\/uploads\/2020\/08\/Pismo-bp-Adam-Szal-150x150.jpg\" alt=\"\" width=\"150\" height=\"150\"><\/a><\/span><\/p>\n<p style=\"text-align: center;\"><span style=\"font-size: 24px; color: #0000ff;\">JE Bp Jan W\u0105troba &#8211; Ordynariusz Diecezji Rzeszowskiej<\/span><\/p>\n<p style=\"text-align: center;\"><a href=\"https:\/\/trzezwewesele.pl\/index.php\/patronaty\/pismo-bp-jan-watroba\/\" target=\"_blank\" rel=\"noopener noreferrer\"><img loading=\"lazy\" decoding=\"async\" class=\"alignnone wp-image-287 size-thumbnail\" src=\"https:\/\/trzezwewesele.pl\/wp-content\/uploads\/2020\/08\/Pismo-bp-Jan-W\u0105troba-150x150.jpg\" alt=\"\" width=\"150\" height=\"150\"><\/a><\/p>\n<p style=\"text-align: center;\"><span style=\"font-size: 24px; color: #0000ff;\">JE Bp Tadeusz Bronakowski &#8211; Przewodnicz\u0105cy Zespo\u0142u KEP ds. Apostolstwa Trze\u017awo\u015bci i os\u00f3b uzale\u017cnionych<\/span><\/p>\n<p style=\"text-align: center;\"><a href=\"https:\/\/trzezwewesele.pl\/index.php\/patronaty\/przewielebny-ksiadz_1-2\/\" target=\"_blank\" rel=\"noopener noreferrer\"><img loading=\"lazy\" decoding=\"async\" class=\"alignnone wp-image-916\" src=\"https:\/\/trzezwewesele.pl\/wp-content\/uploads\/2020\/12\/Przewielebny-Ksiadz_1-1-300x228.jpg\" alt=\"\" width=\"176\" height=\"134\"><\/a><\/p>\n<p style=\"text-align: center;\"><span style=\"font-size: 24px; color: #0000ff;\">W\u0142adys\u0142aw Ortyl &#8211; Marsza\u0142ek Wojew\u00f3dztwa Podkarpackiego<\/span><\/p>\n<p style=\"text-align: center;\"><a href=\"https:\/\/trzezwewesele.pl\/index.php\/patronaty\/pismo-marszalek\/\" target=\"_blank\" rel=\"noopener noreferrer\"><img loading=\"lazy\" decoding=\"async\" class=\"alignnone wp-image-299 size-thumbnail\" src=\"https:\/\/trzezwewesele.pl\/wp-content\/uploads\/2020\/08\/Pismo-Marsza\u0142ek-150x150.jpg\" alt=\"\" width=\"150\" height=\"150\"><\/a><\/p>\n<p style=\"text-align: center;\"><span style=\"font-size: 24px; color: #0000ff;\">Andrzej Olesiuk &#8211; Starosta Leski<\/span><\/p>\n<p style=\"text-align: center;\"><span style=\"font-size: 24px; color: #0000ff;\">Adam Pi\u0105tkowski &#8211; W\u00f3jt Gminy Solina<\/span><\/p>\n<p style=\"text-align: left;\"><span style=\"font-size: 24px; color: #ff0000;\">Patronat medialny:<\/span><\/p>\n<p><span style=\"font-size: 24px; color: #0000ff;\">Radio Via<\/span><\/p>\n<p><span style=\"font-size: 24px; color: #0000ff;\">Radio Fara<\/span><\/p>\n<p><span style=\"font-size: 24px; color: #0000ff;\">Radio Maryja<\/span><\/p>\n<p><span style=\"font-size: 24px; color: #0000ff;\">Tygodnik Niedziela<\/span><\/p>\n<p><span style=\"font-size: 24px; color: #0000ff;\">Nasz Dziennik<\/span><\/p>\n<p><span style=\"font-size: 24px; color: #0000ff;\">Telewizja Trwam<\/span><\/p>\n<p><span style=\"font-size: 24px; color: #0000ff;\">SAT &#8211;&nbsp; Bez Toastu<\/span><\/p>\n<p><span style=\"font-size: 24px; color: #ff0000;\">Wsp\u00f3\u0142organizatorzy:<\/span><\/p>\n<p><span style=\"font-size: 24px; color: #0000ff;\">Urz\u0105d Marsza\u0142kowski Wojew\u00f3dztwa Podkarpackiego<\/span><\/p>\n<p><span style=\"font-size: 24px; color: #0000ff;\">Regionalny O\u015brodek Polityki Spo\u0142ecznej w Rzeszowie<\/span><\/p>\n<p><span style=\"font-size: 24px; color: #0000ff;\">Stowarzyszenie Mi\u0142o\u015b\u0107 i Odpowiedzialno\u015b\u0107 oddz.Przemyski<\/span><\/p>\n<p><span style=\"font-size: 24px; color: #0000ff;\">Powiat Leski<\/span><\/p>\n<p><span style=\"font-size: 24px; color: #0000ff;\">Gmina Solina<\/span><\/p>\n","protected":false},"excerpt":{"rendered":"<p>Patronat Honorowy: JE Abp Adam Szal &#8211; Metropolita Przemyski JE Bp Jan W\u0105troba &#8211; Ordynariusz Diecezji Rzeszowskiej JE Bp Tadeusz Bronakowski &#8211; Przewodnicz\u0105cy Zespo\u0142u KEP ds. Apostolstwa Trze\u017awo\u015bci i os\u00f3b uzale\u017cnionych W\u0142adys\u0142aw Ortyl &#8211; Marsza\u0142ek Wojew\u00f3dztwa Podkarpackiego Andrzej Olesiuk &#8211; Starosta Leski Adam Pi\u0105tkowski &#8211; W\u00f3jt Gminy Solina Patronat medialny: Radio Via Radio Fara Radio [&hellip;]<\/p>\n","protected":false},"author":1,"featured_media":0,"parent":0,"menu_order":0,"comment_status":"closed","ping_status":"closed","template":"","meta":{"ngg_post_thumbnail":0,"footnotes":""},"class_list":["post-254","page","type-page","status-publish","hentry"],"_links":{"self":[{"href":"https:\/\/trzezwewesele.pl\/index.php\/wp-json\/wp\/v2\/pages\/254","targetHints":{"allow":["GET"]}}],"collection":[{"href":"https:\/\/trzezwewesele.pl\/index.php\/wp-json\/wp\/v2\/pages"}],"about":[{"href":"https:\/\/trzezwewesele.pl\/index.php\/wp-json\/wp\/v2\/types\/page"}],"author":[{"embeddable":true,"href":"https:\/\/trzezwewesele.pl\/index.php\/wp-json\/wp\/v2\/users\/1"}],"replies":[{"embeddable":true,"href":"https:\/\/trzezwewesele.pl\/index.php\/wp-json\/wp\/v2\/comments?post=254"}],"version-history":[{"count":7,"href":"https:\/\/trzezwewesele.pl\/index.php\/wp-json\/wp\/v2\/pages\/254\/revisions"}],"predecessor-version":[{"id":918,"href":"https:\/\/trzezwewesele.pl\/index.php\/wp-json\/wp\/v2\/pages\/254\/revisions\/918"}],"wp:attachment":[{"href":"https:\/\/trzezwewesele.pl\/index.php\/wp-json\/wp\/v2\/media?parent=254"}],"curies":[{"name":"wp","href":"https:\/\/api.w.org\/{rel}","templated":true}]}}