{"id":2001,"date":"2024-10-27T12:25:30","date_gmt":"2024-10-27T12:25:30","guid":{"rendered":"https:\/\/trzezwewesele.pl\/?page_id=2001"},"modified":"2024-10-27T12:26:06","modified_gmt":"2024-10-27T12:26:06","slug":"list-ks-bp-bronakowski-2","status":"publish","type":"page","link":"https:\/\/trzezwewesele.pl\/index.php\/list-ks-bp-bronakowski-2\/","title":{"rendered":"List ks. Bp Bronakowski"},"content":{"rendered":"<p style=\"text-align: right;\">\u0141om\u017ca, dnia 16 sierpnia 2024 roku<\/p>\n<p>&nbsp;<\/p>\n<p style=\"text-align: center;\"><span style=\"font-size: 20px;\"><strong>Umi\u0142owani Uczestnicy VIII Bieszczadzkiego Trze\u017awego Wesela<br \/>\nu Kr\u00f3lowej Matki Pi\u0119knej Mi\u0142o\u015bci w Myczkowcach!<\/strong><\/span><\/p>\n<p><span style=\"font-size: 20px;\">W naszej apostolskiej trosce o trze\u017awo\u015b\u0107 narodu cz\u0119sto powtarzamy, \u017ce rodzina jest szko\u0142\u0105 trze\u017awo\u015bci. I tak jest rzeczywi\u015bcie, gdy jej cz\u0142onkowie daj\u0105 \u015bwiadectwo dobrowolnej, radosnej abstynencji i codziennej troski o trze\u017awo\u015b\u0107 my\u015blenia, m\u00f3wienia i dzia\u0142ania. Rodzina jest szko\u0142\u0105 trze\u017awo\u015bci, gdy jest stabilna i bezpieczna. Gdy jest w niej mi\u0142o\u015b\u0107, wzajemne zrozumienie i wsparcie, gdy piel\u0119gnuje si\u0119 wzajemn\u0105 trosk\u0119 i uwag\u0119.<\/span><\/p>\n<p><span style=\"font-size: 20px;\">VIII Bieszczadzkie Trze\u017awe Wesele jest wspania\u0142\u0105 okazj\u0105, aby t\u0119 prawd\u0119 pokaza\u0107 szerszej spo\u0142eczno\u015bci. Takie inicjatywy, jak Wasza, odgrywaj\u0105 wa\u017cn\u0105 rol\u0119 w procesie odnowy moralnej narodu. Uzdrawiaj\u0105 polsk\u0105 obyczajowo\u015b\u0107 przesycon\u0105 alkoholem, tworz\u0105 now\u0105 kultur\u0119 trze\u017awo\u015bci, pog\u0142\u0119biaj\u0105 wi\u0119zi mi\u0119dzy cz\u0142onkami rodzin, pozwalaj\u0105 dzieli\u0107 si\u0119 pozytywnymi do\u015bwiadczeniami i prze\u017cyciami \u017cyciowymi, daj\u0105 poczucie wsp\u00f3lnoty rodzin, dla kt\u00f3rych trze\u017awo\u015b\u0107 jest priorytetem.<\/span><\/p>\n<p><span style=\"font-size: 20px;\">W tym roku Apostolstwu Trze\u017awo\u015bci i Os\u00f3b Uzale\u017cnionych przy\u015bwieca has\u0142o: \u201eTrze\u017awo\u015b\u0107 polsk\u0105 racj\u0105 stanu\u201d. Te s\u0142owa b\u0142. Kard. Stefana Wyszy\u0144skiego u\u015bwiadamiaj\u0105 nam, jak wielk\u0105 rol\u0119 w \u017cyciu narodu odgrywa troska o trze\u017awo\u015b\u0107 indywidualn\u0105, rodzinn\u0105 i spo\u0142eczn\u0105. Mobilizuj\u0105 nas tak\u017ce do jeszcze gorliwszej s\u0142u\u017cby w tym b\u0142ogos\u0142awionym dziele.<\/span><\/p>\n<p><span style=\"font-size: 20px;\">S\u0142owa wdzi\u0119czno\u015bci kieruj\u0119 do Organizator\u00f3w Bieszczadzkiego Trze\u017awego Wesela. Dzi\u0119kuj\u0119 Dyrektorowi O\u015brodka Caritas Diecezji Rzeszowskiej w Myczkowcach, Przewielebnemu Ksi\u0119dzu Bogdanowi Janikowi, a tak\u017ce Szanownemu Pa\u0144stwu Teresie i Piotrowi Mazurom wraz ze wszystkimi cz\u0142onkami Stowarzyszenia Wesele Wesel. Dzi\u0119kuj\u0119 wszystkim Wsp\u00f3\u0142organizatorom, w tym W\u0142adzom Wojew\u00f3dztwa, Powiat\u00f3w i Gmin, a tak\u017ce wolontariuszom i uczestnikom. &nbsp;<\/span><\/p>\n<p><span style=\"font-size: 20px;\">\u0141\u0105cz\u0105c si\u0119 z Wami duchowo polecam Was opiece Kr\u00f3lowej Matki Pi\u0119knej Mi\u0142o\u015bci. Wszystkim z serca b\u0142ogos\u0142awi\u0119.<\/span><\/p>\n<p style=\"text-align: right;\"><span style=\"font-size: 20px;\"><em>Bp Tadeusz Bronakowski&nbsp;&nbsp;&nbsp;&nbsp;&nbsp;&nbsp;&nbsp;&nbsp;&nbsp;&nbsp;&nbsp;&nbsp;&nbsp;&nbsp;&nbsp;&nbsp;&nbsp;&nbsp;&nbsp;&nbsp;&nbsp;&nbsp;&nbsp; <br \/>\n<\/em>Przewodnicz\u0105cy KEP ds. Apostolstwa Trze\u017awo\u015bci<\/span><br \/>\n<span style=\"font-size: 20px;\">i Os\u00f3b Uzale\u017cnionych&nbsp;&nbsp;&nbsp;<\/span>&nbsp;&nbsp;&nbsp;&nbsp;&nbsp;&nbsp;&nbsp;&nbsp;&nbsp;&nbsp;&nbsp;&nbsp;&nbsp;&nbsp;&nbsp;&nbsp;&nbsp;&nbsp;&nbsp;&nbsp;&nbsp;<\/p>\n<p>&nbsp;<\/p>\n","protected":false},"excerpt":{"rendered":"<p>\u0141om\u017ca, dnia 16 sierpnia 2024 roku &nbsp; Umi\u0142owani Uczestnicy VIII Bieszczadzkiego Trze\u017awego Wesela u Kr\u00f3lowej Matki Pi\u0119knej Mi\u0142o\u015bci w Myczkowcach! W naszej apostolskiej trosce o trze\u017awo\u015b\u0107 narodu cz\u0119sto powtarzamy, \u017ce rodzina jest szko\u0142\u0105 trze\u017awo\u015bci. I tak jest rzeczywi\u015bcie, gdy jej cz\u0142onkowie daj\u0105 \u015bwiadectwo dobrowolnej, radosnej abstynencji i codziennej troski o trze\u017awo\u015b\u0107 my\u015blenia, m\u00f3wienia i dzia\u0142ania. [&hellip;]<\/p>\n","protected":false},"author":1,"featured_media":0,"parent":0,"menu_order":0,"comment_status":"closed","ping_status":"closed","template":"","meta":{"ngg_post_thumbnail":0,"footnotes":""},"class_list":["post-2001","page","type-page","status-publish","hentry"],"_links":{"self":[{"href":"https:\/\/trzezwewesele.pl\/index.php\/wp-json\/wp\/v2\/pages\/2001","targetHints":{"allow":["GET"]}}],"collection":[{"href":"https:\/\/trzezwewesele.pl\/index.php\/wp-json\/wp\/v2\/pages"}],"about":[{"href":"https:\/\/trzezwewesele.pl\/index.php\/wp-json\/wp\/v2\/types\/page"}],"author":[{"embeddable":true,"href":"https:\/\/trzezwewesele.pl\/index.php\/wp-json\/wp\/v2\/users\/1"}],"replies":[{"embeddable":true,"href":"https:\/\/trzezwewesele.pl\/index.php\/wp-json\/wp\/v2\/comments?post=2001"}],"version-history":[{"count":2,"href":"https:\/\/trzezwewesele.pl\/index.php\/wp-json\/wp\/v2\/pages\/2001\/revisions"}],"predecessor-version":[{"id":2004,"href":"https:\/\/trzezwewesele.pl\/index.php\/wp-json\/wp\/v2\/pages\/2001\/revisions\/2004"}],"wp:attachment":[{"href":"https:\/\/trzezwewesele.pl\/index.php\/wp-json\/wp\/v2\/media?parent=2001"}],"curies":[{"name":"wp","href":"https:\/\/api.w.org\/{rel}","templated":true}]}}

<p style="text-align: right;">Łomża, dnia 16 sierpnia 2024 roku</p>
<p>&nbsp;</p>
<p style="text-align: center;"><span style="font-size: 20px;"><strong>Umiłowani Uczestnicy VIII Bieszczadzkiego Trzeźwego Wesela<br />
u Królowej Matki Pięknej Miłości w Myczkowcach!</strong></span></p>
<p><span style="font-size: 20px;">W naszej apostolskiej trosce o trzeźwość narodu często powtarzamy, że rodzina jest szkołą trzeźwości. I tak jest rzeczywiście, gdy jej członkowie dają świadectwo dobrowolnej, radosnej abstynencji i codziennej troski o trzeźwość myślenia, mówienia i działania. Rodzina jest szkołą trzeźwości, gdy jest stabilna i bezpieczna. Gdy jest w niej miłość, wzajemne zrozumienie i wsparcie, gdy pielęgnuje się wzajemną troskę i uwagę.</span></p>
<p><span style="font-size: 20px;">VIII Bieszczadzkie Trzeźwe Wesele jest wspaniałą okazją, aby tę prawdę pokazać szerszej społeczności. Takie inicjatywy, jak Wasza, odgrywają ważną rolę w procesie odnowy moralnej narodu. Uzdrawiają polską obyczajowość przesyconą alkoholem, tworzą nową kulturę trzeźwości, pogłębiają więzi między członkami rodzin, pozwalają dzielić się pozytywnymi doświadczeniami i przeżyciami życiowymi, dają poczucie wspólnoty rodzin, dla których trzeźwość jest priorytetem.</span></p>
<p><span style="font-size: 20px;">W tym roku Apostolstwu Trzeźwości i Osób Uzależnionych przyświeca hasło: „Trzeźwość polską racją stanu”. Te słowa bł. Kard. Stefana Wyszyńskiego uświadamiają nam, jak wielką rolę w życiu narodu odgrywa troska o trzeźwość indywidualną, rodzinną i społeczną. Mobilizują nas także do jeszcze gorliwszej służby w tym błogosławionym dziele.</span></p>
<p><span style="font-size: 20px;">Słowa wdzięczności kieruję do Organizatorów Bieszczadzkiego Trzeźwego Wesela. Dziękuję Dyrektorowi Ośrodka Caritas Diecezji Rzeszowskiej w Myczkowcach, Przewielebnemu Księdzu Bogdanowi Janikowi, a także Szanownemu Państwu Teresie i Piotrowi Mazurom wraz ze wszystkimi członkami Stowarzyszenia Wesele Wesel. Dziękuję wszystkim Współorganizatorom, w tym Władzom Województwa, Powiatów i Gmin, a także wolontariuszom i uczestnikom. &nbsp;</span></p>
<p><span style="font-size: 20px;">Łącząc się z Wami duchowo polecam Was opiece Królowej Matki Pięknej Miłości. Wszystkim z serca błogosławię.</span></p>
<p style="text-align: right;"><span style="font-size: 20px;"><em>Bp Tadeusz Bronakowski&nbsp;&nbsp;&nbsp;&nbsp;&nbsp;&nbsp;&nbsp;&nbsp;&nbsp;&nbsp;&nbsp;&nbsp;&nbsp;&nbsp;&nbsp;&nbsp;&nbsp;&nbsp;&nbsp;&nbsp;&nbsp;&nbsp;&nbsp; <br />
</em>Przewodniczący KEP ds. Apostolstwa Trzeźwości</span><br />
<span style="font-size: 20px;">i Osób Uzależnionych&nbsp;&nbsp;&nbsp;</span>&nbsp;&nbsp;&nbsp;&nbsp;&nbsp;&nbsp;&nbsp;&nbsp;&nbsp;&nbsp;&nbsp;&nbsp;&nbsp;&nbsp;&nbsp;&nbsp;&nbsp;&nbsp;&nbsp;&nbsp;&nbsp;</p>
<p>&nbsp;</p>

<p>Łomża, dnia 16 sierpnia 2024 roku &nbsp; Umiłowani Uczestnicy VIII Bieszczadzkiego Trzeźwego Wesela u Królowej Matki Pięknej Miłości w Myczkowcach! W naszej apostolskiej trosce o trzeźwość narodu często powtarzamy, że rodzina jest szkołą trzeźwości. I tak jest rzeczywiście, gdy jej członkowie dają świadectwo dobrowolnej, radosnej abstynencji i codziennej troski o trzeźwość myślenia, mówienia i działania. [&hellip;]</p>
